. Is n a composite number?
False
Let y = 28 - 25. Suppose r - 5*i - 6 = 14, y*r - 50 = 5*i. Is r composite?
True
Let a = 341 - 74. Is (a/(-6))/(2/(-4)) a prime number?
True
Suppose 2*s + 2*x = 6, 0 = 4*s + x - 2*x - 7. Let o = -8 + 10. Suppose -3*l = s*f - 411, -o*f = 3*l - f - 414. Is l a composite number?
False
Suppose -25*j + 164868 = -13*j. Is j composite?
True
Let j be 393 + 3/6*8. Suppose -j = 3*n + 119. Let v = n + 383. Is v prime?
True
Suppose 5*m - 2*b = m + 9214, m - 4*b - 2314 = 0. Is m composite?
True
Suppose -17723 = -3*n - 5*f, 4*n - 2*f = -7*f + 23629. Is n prime?
False
Let j(l) = -32*l + 17. Let i be j(-12). Suppose -6*v + 2003 = i. Is v a composite number?
True
Let t = -15 - -15. Suppose t = 29*m - 31*m + 5206. Is m composite?
True
Suppose -13*q = -9*q - 11828. Is q prime?
True
Let k = -5138 + 16605. Is k composite?
False
Suppose 58714 = 5*v - 99891. Is v composite?
False
Is 3121391/130 + 12/40 composite?
True
Let j(m) = -m**2 + 5. Let i be j(0). Suppose 5*p - 2420 = 5*z, i*p - 2592 = 4*z - 171. Is p prime?
False
Let l be 5 + 2/(-1) + -2. Let x be (l/2)/(5/(-60)). Let m(k) = -5*k + 17. Is m(x) a composite number?
False
Is (30/24)/(-4 - 24369/(-6092)) a prime number?
False
Let p be (-1 - 0)/1 - -1. Suppose -26 = q - 5*g - 2, p = -5*q - g + 10. Let v(c) = 168*c**3 + 2*c**2 - c. Is v(q) prime?
False
Suppose -2*t - 2*i + 948 = -1506, -2*t = i - 2449. Let r = 2207 - t. Is r prime?
False
Suppose 0 = 5*w - 3*w - 16. Suppose w*y = -4*m + 3*y + 1048, y = 3*m - 767. Is m a composite number?
False
Let x = -176 + 56. Let h be 4*(10/4 + -1). Is 4/h + x/(-9) composite?
True
Let n(u) = -2*u - 17. Let k be n(-4). Is k/(-27) - (-1346)/3 prime?
True
Let v be 0/(0 + 3 + -5 - -3). Suppose v = 5*b - 10, 0 = -4*o - b - 3*b + 236. Is o a composite number?
True
Suppose -2*f = -5*j - 7, f = 3*f - 3*j + 3. Let l = 25 + f. Let z = l + 5. Is z prime?
False
Let r be (-2 + 3)*(5 - 0). Suppose 2*j - 1696 = -2*z + 4*z, -3*z = 4*j - 3406. Suppose 2*k - 432 = -r*f, 5*k - k + 3*f = j. Is k composite?
False
Let h be (0 + -2 + 2)/(-2). Suppose -6*b + 3*b + 6 = h. Suppose b*r + 0*f - f - 16 = 0, 3*r - 5*f = 10. Is r a prime number?
False
Let d(j) = j**3 + 15*j**2 + j + 21. Let w be d(-15). Let h be 3 + -1 + (w - -118). Suppose -2*p + 2 = 6, -2*b = -5*p - h. Is b composite?
True
Let z be 9/(-72) + (-114)/(-16). Let m(t) = -t**2 + 8*t - 1. Let j be m(z). Is (-36 + j)/(1 - 3) a prime number?
False
Suppose 0 = w + 5*h + 3, -2*w = 3*h - 8*h - 54. Let a(k) = -k**2 + k + 5. Let v be a(4). Let f = v + w. Is f composite?
True
Is ((-120)/(-10) + -13)*-1*19101 prime?
False
Suppose -l + 10 + 45 = 0. Let h = l - -64. Is h prime?
False
Suppose 0 = 2*a + 5*a - 56. Suppose -4*g - 5428 = -a*g. Is g a prime number?
False
Let c(m) = -m**2 - m + 3. Let s be c(0). Suppose s*w + 1842 = 5*g, 3*w - 8*w = -5. Let u = -220 + g. Is u prime?
True
Let n be -1 + (6/(-4))/((-6)/4244). Suppose 20*a - 10*a = n. Is a prime?
False
Let g = 14503 - 8424. Is g a prime number?
True
Is (15873 + 1)/(12 + -10) prime?
True
Let l(g) = -g**3 + 3*g**2 - 4*g + 6. Let w be l(3). Let d be 1483 - w/(6 - 4). Suppose -5*c + r - 3*r + 1501 = 0, -3*r = -5*c + d. Is c composite?
True
Suppose 5*z = 3*s - 67, 2*s + 3*z = s + 13. Suppose -14*p - 4385 = -s*p. Is p a prime number?
True
Suppose 2*s - 11696 = -0*d - 2*d, 0 = -4*d - 4. Is s prime?
True
Let h(v) = -251*v**3 + v**2 - 7*v - 2. Is h(-3) a prime number?
False
Suppose -4*s + 36 = -0*s. Suppose -4*y = -s*y + 8545. Is y prime?
True
Let n(i) = 509*i - 280. Is n(39) a composite number?
False
Suppose 3*s - 14605 = -763. Suppose -k = 5*k - s. Is k composite?
False
Let p be -1 - -2 - (-6)/(-3 + 5). Is (p/((-1479)/(-1473) + -1))/2 composite?
False
Suppose 0 = 15*v - 6*v - 8811. Is v a composite number?
True
Is -4 + 939/(-1)*(-15)/9 composite?
True
Let i(a) = -a**3 - 4*a**2 - 4*a - 4. Let c be i(-3). Let v(d) = 6*d + 44. Let w be v(-7). Is 3*(w - 61)*c a composite number?
True
Is 5/(5035365/(-503541) + 10) a prime number?
True
Let w be (1/6*4)/((-24)/(-108)). Let t(u) be the first derivative of 45*u**2 + u + 1. Is t(w) prime?
True
Suppose 3*g = -5*s - 4 - 46, 0 = 5*s - 2*g + 50. Let j = s - -4. Let o = j + 37. Is o a composite number?
False
Let v(o) = -2*o**2 + 19*o + 12. Let g be v(10). Suppose 0 = 2*p - 3*p + g*q + 341, 0 = p + q - 338. Is p prime?
False
Let m(v) be the first derivative of v**3/3 + 7*v**2 - 30*v + 5. Let g be m(-16). Is (3 - -247 - -4)/g composite?
False
Let c = 1118 - 607. Is c/2 + -3 + 27/6 prime?
True
Let w(c) be the third derivative of c**5/30 + 7*c**4/12 - 17*c**3/6 - 5*c**2. Let l be w(-8). Is ((-9)/(-18))/(l/(-722)) composite?
True
Suppose 0 = 2*l + 3*l - 2560. Suppose -4*i - 4*k - k = -504, 3*k - l = -4*i. Suppose -i = -5*d + 824. Is d composite?
False
Let q be (-4)/(-18) - 4069/(-117). Suppose -31*r + q*r - 4556 = 0. Is r a prime number?
False
Let x = 6 - 1. Suppose -x*q - 4*r = -629, 4*q - 179 = 4*r + 317. Suppose 0 = -2*i + q + 189. Is i a prime number?
True
Let v = 1823 - 1014. Is v composite?
False
Suppose 0 = -8*z + 372 + 8212. Is z composite?
True
Let w = -12 + 14. Suppose -3*y + 4 + 0 = z, w*z = -3*y + 5. Suppose u = 15 - y. Is u a prime number?
False
Let k(w) = 30*w**2 - 259*w + 63. Is k(-44) prime?
True
Let u = 5 + -1. Is ((112/(-12))/u)/(1/(-1569)) a prime number?
False
Let w(g) = -20*g**3 - g**2 - 6*g - 11. Is w(-8) prime?
False
Let n(d) = 2*d**2 - 5*d - 29. Let g be n(-12). Suppose -183 - g = -2*u. Is u composite?
False
Suppose 5*w - 5*z - 8810 = 0, -4*z - 13 + 9 = 0. Is w a prime number?
False
Let k be (-4)/8*(7 + 1). Let f = -10 - -12. Is ((-11)/f)/(k/24) composite?
True
Suppose 0*n + 3*n - 2889 = 0. Suppose -n + 183 = -4*z + f, 2*f + 590 = 3*z. Suppose 154 + z = 4*v. Is v a composite number?
True
Let u(l) = 125*l**2 + 7*l - 245. Is u(-13) a prime number?
True
Is (-319806)/(-14) + (6/21)/(-1) composite?
True
Suppose 35907 + 1255 = 4*t - 2*h, -4*t - 2*h + 37182 = 0. Is t a composite number?
False
Let i = -8026 - -16028. Is i a composite number?
True
Suppose 22*c + 5*l = 19*c + 22507, -3*l = 2*c - 15006. Is c prime?
False
Suppose -u + 25022 = -3*y, -3*u - y = -2*y - 75026. Is u prime?
False
Let m = -67426 - -97403. Is m a composite number?
True
Suppose -2*d = b - 4738, -5*d + 10789 + 1058 = 2*b. Is d prime?
True
Let a = -504 - -2405. Is a composite?
False
Let d be (-6)/(-5)*60/18. Suppose 6447 = d*r - 5*m, 5*r - 8115 = -6*m + m. Is r a composite number?
True
Suppose 2*h = 22 + 32. Suppose -h = -0*y - 3*y. Let p = -3 + y. Is p composite?
True
Suppose -4*t - 2*w + 80 = -4*w, -5*w - 10 = 0. Suppose t*h - 987 = 16*h. Is h prime?
False
Let w be (-4)/6*165/(-22). Suppose w*h - 3*z - 45 = 0, -4*h + 0*z = -5*z - 23. Is (-1100)/(-24) - (-2)/h a prime number?
False
Suppose 0 = 5*z - 5, -3*z - 1 + 13 = 3*d. Suppose -2*n = -2*x - 3340, -4*n - d*x = -2*n - 3355. Is n composite?
True
Let k(p) = -10*p**3 + 2*p**2 + 2*p + 1. Let j be k(-1). Let y(s) = 2*s**3 - 15*s**2 + 5*s - 24. Is y(j) composite?
True
Suppose 2*r + 0 + 2 = 0, -2*t + 5*r = -243. Is t a prime number?
False
Is 1*(7 + 11857 - 1) composite?
False
Let s(t) = t**3 + 8*t**2 + 6*t - 4. Let h be s(-7). Let k(a) = a**3 - 4*a**2 - 3. Let q be k(h). Is (-1493)/(-4) - (-3)/q prime?
True
Is ((-196)/56)/((-2)/5276) prime?
False
Suppose 0 = -g - 3*g + 16. Suppose 2*k + b + 31 = -3*k, -g*b = 3*k + 22. Let q(x) = 5*x**2 + 7*x + 5. Is q(k) composite?
True
Suppose 4*t - 2*t + 6 = 0. Let y(n) = -n**3 - 2*n**2 + n - 4. Let q be y(t). Is -1 + 26 + (3 - q) a prime number?
False
Let d = 40030 - 10557. Is d composite?
False
Let c = 13692 + -3265. Is c a composite number?
False
Let l = -1659 + 3344. Is (5/(50/l))/(1/2) prime?
True
Let b(l) = -l**3 + 16*l**2 - 16*l + 17. Let v be b(15). Suppose -253 - 113 = -v*h. Is h a composite number?
True
Suppose -x = z - 672, 2*z = 2*x - 690 - 674. Is x prime?
True
Let y = -10 - -4. Let k(b) = -b**2 - 9*b - 6. Let s be k(y). Is 10/((-16)/s + 2) composite?
True
Suppose 4*n = 3*h - 26, -2*h + 3*n = -h - 2. Suppose -109 = h*w - 3231. Is w a prime number?
True
Let k(b) = -b + 10. Let y be k(9). Suppose -215 = -n + 3*u, -y = 3*u - 7. Is n prime?
False
Let h = -64 - -70. Suppose h*k + 2045 = 11*k. Is k composite?
False
Is (-39)/195*(-44945)/1 a composite number?
True
Let f